 common divisor of 171 and 14079?
57
Calculate the greatest common divisor of 168 and 41139.
21
Calculate the highest common factor of 88 and 13228.
4
What is the greatest common divisor of 2596 and 10076?
44
What is the highest common divisor of 38550 and 1800?
150
What is the highest common factor of 2604 and 33978?
42
What is the greatest common divisor of 7696 and 3996?
148
Calculate the highest common divisor of 1080 and 8200.
40
Calculate the highest common factor of 8539374 and 1074.
1074
What is the highest common divisor of 315355 and 295?
295
Calculate the highest common factor of 334652 and 4.
4
Calculate the highest common divisor of 248 and 29450.
62
What is the greatest common divisor of 4 and 3190036?
4
What is the greatest common divisor of 102 and 115430?
34
What is the greatest common factor of 434 and 3164?
14
What is the greatest common divisor of 1266667 and 677?
677
Calculate the highest common divisor of 36058 and 3874.
298
What is the greatest common factor of 2749 and 13?
1
What is the highest common factor of 76758 and 26749?
1163
What is the highest common divisor of 9112 and 136?
136
Calculate the highest common divisor of 179298 and 98.
14
Calculate the highest common divisor of 38600 and 400.
200
What is the greatest common divisor of 176400 and 18?
18
Calculate the highest common factor of 327429 and 16833.
543
Calculate the highest common divisor of 1950 and 2970.
30
What is the greatest common divisor of 13245 and 6?
3
What is the highest common factor of 4111309 and 431?
431
What is the greatest common factor of 45 and 89055?
45
What is the highest common divisor of 129025 and 130?
65
Calculate the greatest common factor of 72511 and 826.
59
What is the highest common divisor of 6 and 757?
1
What is the highest common divisor of 2366517 and 397?
397
Calculate the highest common factor of 216 and 71469.
27
What is the greatest common factor of 16 and 681528?
8
Calculate the highest common divisor of 27 and 1593648.
27
What is the greatest common factor of 98 and 26726?
14
Calculate the greatest common divisor of 69819 and 119.
17
Calculate the highest common divisor of 957 and 38599.
319
What is the greatest common factor of 117 and 2509?
13
Calculate the highest common divisor of 672 and 4396.
28
What is the greatest common factor of 24 and 3694712?
8
Calculate the greatest common divisor of 22904 and 868.
28
What is the highest common divisor of 7866 and 611064?
414
Calculate the highest common factor of 2418 and 347646.
78
What is the greatest common factor of 87927 and 477?
159
What is the greatest common divisor of 108595 and 185?
185
What is the highest common divisor of 7140 and 3045?
105
What is the greatest common divisor of 28866 and 459?
51
What is the greatest common divisor of 3672 and 4216?
136
Calculate the highest common factor of 7735 and 20930.
455
What is the greatest common factor of 517 and 132?
11
Calculate the highest common divisor of 448 and 5054.
14
What is the highest common factor of 2813 and 129883?
97
Calculate the greatest common divisor of 4248 and 108.
36
Calculate the highest common factor of 311492 and 5848.
172
Calculate the highest common factor of 1184139 and 1458.
243
Calculate the greatest common factor of 3520 and 7370.
110
What is the highest common factor of 19535 and 10?
5
Calculate the highest common divisor of 125 and 3175.
25
What is the greatest common divisor of 3555 and 225?
45
Calculate the highest common factor of 80420 and 20.
20
What is the highest common divisor of 229254 and 228?
114
What is the greatest common factor of 6828 and 48?
12
Calculate the greatest common factor of 13510508 and 796.
796
What is the highest common divisor of 736 and 651176?
184
What is the greatest common divisor of 368 and 14398?
46
What is the greatest common factor of 70 and 39970?
70
Calculate the greatest common factor of 30575 and 1750.
25
What is the highest common factor of 4494507 and 174?
87
Calculate the highest common factor of 102 and 46104.
102
Calculate the greatest common divisor of 7804 and 32.
4
What is the greatest common divisor of 41 and 1022581?
41
Calculate the greatest common factor of 1078 and 77273.
49
What is the greatest common divisor of 713564 and 6412?
916
Calculate the highest common divisor of 83707 and 548.
137
Calculate the highest common divisor of 29502 and 36.
18
Calculate the highest common divisor of 34 and 92922.
34
Calculate the greatest common divisor of 153230 and 220.
110
Calculate the highest common divisor of 742 and 32424.
14
What is the highest common divisor of 1995 and 13395?
285
What is the greatest common divisor of 8 and 1040696?
8
Calculate the highest common factor of 107424 and 40896.
288
Calculate the greatest common factor of 58 and 1251524.
58
Calculate the highest common divisor of 213 and 7964283.
213
Calculate the greatest common factor of 39123 and 84.
21
Calculate the highest common factor of 30556 and 16.
4
What is the highest common factor of 1275 and 153?
51
What is the greatest common divisor of 204045 and 2440?
305
What is the highest common divisor of 9303 and 1029?
21
Calculate the highest common factor of 30 and 11170.
10
What is the greatest common factor of 6254 and 742?
106
What is the highest common divisor of 54 and 148194?
18
Calculate the greatest common factor of 4984 and 294.
14
Calculate the greatest common divisor of 582798 and 5754.
822
What is the greatest common divisor of 153 and 12937?
17
What is the highest common factor of 225 and 418914?
9
Calculate the highest common factor of 82 and 11196854.
82
Calculate the highest common factor of 1035 and 690.
345
Calculate the greatest common divisor of 884 and 11648.
52
Calculate the greatest common divisor of 84 and 1032816.
12
Calculate the highest common factor of 35473 and 95.
19
What is the highest common factor of 3056523 and 4974?
2487
What is the greatest common factor of 11123 and 6129?
227
Calculate the highest common divisor of 756 and 484.
4
What is the highest common factor of 2508 and 190152?
228
What is the greatest common divisor of 7100831 and 41?
41
What is the highest common factor of 12 and 81204?
12
What is the greatest common divisor of 35892 and 36?
36
What is the greatest common divisor of 49248 and 2952?
72
Calculate the greatest common factor of 10 and 2439655.
5
What is the greatest common divisor of 57031 and 82?
41
Calculate the greatest common divisor of 2 and 5615.
1
What is the highest common factor of 165246 and 9?
3
Calculate the greatest common factor of 515 and 3545.
5
What is the highest common factor of 51534 and 336?
42
What is the greatest common factor of 317681 and 182?
91
What is the highest common divisor of 3168 and 112662?
198
Calculate the highest common divisor of 219867 and 11703.
249
What is the greatest common factor of 340 and 63172?
68
Calculate the greatest common divisor of 6 and 54478.
2
What is the highest common divisor of 1924 and 20868?
148
Calculate the highest common factor of 77 and 377223.
77
What is the greatest common factor of 312 and 1251848?
104
Calculate the greatest common factor of 6058 and 130.
26
Calculate the highest common divisor of 374 and 1190.
34
What is the greatest common factor of 292890 and 156?
78
Calculate the greatest common factor of 470 and 264610.
470
What is the highest common factor of 117 and 9590607?
117
Calculate the greatest common divisor of 288 and 42984.
72
Calculate the highest common divisor of 8170 and 2537.
43
Calculate the highest common divisor of 24696 and 18.
18
What is the greatest common divisor of 300610 and 345?
115
What is the highest common divisor of 15789509 and 1457?
1457
What is the highest common divisor of 173711 and 3205?
641
What is the greatest common divisor of 43512 and 2744?
392
Calculate the highest common divisor of 4510 and 1122.
22
What is the greatest common divisor of 125 and 1116625?
125
Calculate the greatest common factor of 2945 and 195548.
589
Calculate the highest common divisor of 7290 and 27870.
30
Calculate the greatest common divisor of 301 and 2079007.
301
What is the greatest common divisor of 1806 and 162?
6
What is the highest common factor of 23332 and 646?
38
What is the greatest common factor of 10